e 2*f - 20 = -3*f. Suppose -f*d + 2*d = -46. Suppose 143 = 2*w + 55. What is the remainder when w is divided by d?
21
Let a be -1*(0 + 0)*(-13)/(-26). Suppose 12*y - 9*y - 45 = a. What is the remainder when 41 is divided by y?
11
Let u(y) = y**2 - 9*y + 3. Let m be u(7). Let s = m + 11. Suppose -40 = -s*t - 4*t. Calculate the remainder when t is divided by 3.
1
Suppose -t - 56 = -15*t. Suppose 4*r + r - 85 = 0. What is the remainder when r is divided by t?
1
Suppose 5*u - 4*w - 99 = 0, 3*u - 43 = 2*u - 5*w. Suppose v + y - 8 = 0, y + u + 5 = 3*v. What is the remainder when 35 is divided by v?
8
Let i(f) be the first derivative of f**4/4 - 10*f**3/3 + f**2/2 - 35. Calculate the remainder when 41 is divided by i(10).
1
Let i be -5*3/(-30)*6. Suppose x = -i*x + 344. Calculate the remainder when x is divided by 29.
28
Suppose -18261 = -58*j - 4109. Calculate the remainder when j is divided by 19.
16
Let b = 317 + -531. Let q = -16 - b. What is the remainder when q is divided by 50?
48
Let z(o) = 10*o**3 + o**2 - o - 1. What is the remainder when 70 is divided by z(1)?
7
Suppose -5*u + 13 - 3 = 0. Let j = -96 - -125. Calculate the remainder when j is divided by 1 - (11*-1 + u).
9
Suppose s - 16 = 2*s. Let a = 1 - s. What is the remainder when 33 is divided by a?
16
Let m be (-9)/18 - 9/(-2). Suppose -c - 24 = -m*a, -2*c = -6*a + 2*a + 28. What is the remainder when 17 is divided by a?
2
What is the remainder when 4/((-48)/111)*-4 is divided by (5 - 4)/(3/30)?
7
Suppose n - 4*x + 1 = 0, 5*n = -x + 10 + 27. Calculate the remainder when 59 is divided by n.
3
Suppose -4234 = 29*a - 58*a. Calculate the remainder when a is divided by 30.
26
Let s(w) = -w**2 + 5*w - 16. Let a(j) = -j**2 + 4*j - 17. Let y(k) = -6*a(k) + 5*s(k). Calculate the remainder when y(-7) is divided by 22.
20
Suppose 4*d - 176 = -4*y, 5*d + 103 = 4*y - 46. Calculate the remainder when 162 is divided by y.
39
Let n(f) = 2*f**2 - 8*f + 4. Let z be n(5). Suppose -4*m - 2 + z = 0. Calculate the remainder when 20/30 - (-94)/m is divided by 9.
5
Suppose 2*c + 8 = 6*c. Suppose q = -4*g + 16 + 27, 3*q = 2*g - 11. Calculate the remainder when (-29)/(c*3/(-6)) is divided by g.
9
Let y(c) = c**2 - 4*c + 4. Suppose 11*g = 7429 - 7242. Calculate the remainder when g is divided by y(4).
1
What is the remainder when (0 + -22)*(-17 + (-81)/(-9)) is divided by 61?
54
Suppose 0 = -4*j + 2*w + 10 + 78, w + 4 = 0. Let h = j - 9. What is the remainder when 19 is divided by h?
8
Let g = -7 - -10. Suppose -30 = -2*i - g*i. Calculate the remainder when 2/i*84/2 is divided by 4.
2
Let b(i) = -5*i**3 - 34*i**2 + i + 17. Let z(o) = -9*o + 3. What is the remainder when b(-7) is divided by z(-3)?
29
Suppose 21 = -27*v + 28*v + 3*i, 5*v = -i + 161. Let s = 18 - 9. Calculate the remainder when v is divided by s.
6
Suppose 687 = 28*k + 267. What is the remainder when 4/8 - (-214)/4 is divided by k?
9
Suppose -25*b + 35*b - 130 = 0. Calculate the remainder when 28 is divided by b.
2
Let v(i) = -i**2 - 7*i + 15. What is the remainder when 47 is divided by v(-5)?
22
Calculate the remainder when (25*(10 - 16))/(-2) is divided by 23.
6
Let u(p) be the third derivative of -p**4/12 + 19*p**3/6 + 12*p**2. Calculate the remainder when 26 is divided by u(6).
5
Let x(z) = 2*z. Let i = -32 - -55. What is the remainder when 89 is divided by x(i)?
43
Suppose 7659 = 20*p - 1441. What is the remainder when p is divided by 17?
13
Let p(q) = 16*q - 57. Let i be p(4). Suppose -i*l + 204 = -223. Calculate the remainder when l is divided by 16.
13
Let h = 4878 + -4839. Suppose 2 + 6 = m. What is the remainder when h is divided by m?
7
Let o(i) = 3*i - 15. Let w(n) = -13*n + 2. Let f(c) = -14*c + 2. Let x(l) = 5*f(l) - 6*w(l). Let h be x(1). What is the remainder when 13 is divided by o(h)?
1
Suppose -25*z + 442 = 117. Calculate the remainder when 100 is divided by z.
9
Let w be 0 + -1 - -1*9. Let v(i) = 31*i**2 - 11 - 30*i**2 + 15*i - 20*i. What is the remainder when 38 is divided by v(w)?
12
Let u(k) = k**3 - 5*k**2 - 3*k + 31. Calculate the remainder when 70 is divided by u(6).
21
Suppose -110 = -u - 4*u. Let x be (-20)/(-110) + 5144/u. Suppose -z + x = 2*z. Calculate the remainder when z is divided by 27.
24
Suppose 0 = i - 5*l + 4, -4*l + 52 = -5*i - 10. Let h = 242 - 139. What is the remainder when h is divided by (-2 - i)/3 + 17?
19
Let i(f) = 36*f + 374. What is the remainder when 41 is divided by i(-10)?
13
Let n(j) = -264*j - 2609. Calculate the remainder when n(-10) is divided by 2/(-3) - (-58)/6.
4
Suppose 26 = 4*z + 5*c - 166, c + 48 = z. Calculate the remainder when z is divided by 14.
6
Let f = 15 - 8. Suppose 5*k + 2 = o - 31, 2*o = 2*k + 42. Calculate the remainder when o is divided by f.
4
Let u(z) = -z**3 - 4*z**2 + 4*z + 5. Let k be (-1)/((-4 + 0)/40). Let l = k + 18. What is the remainder when u(-6) is divided by l?
25
Let m(j) = -7*j**3 + j**2 - 4*j + 11. Let l(c) = -4*c**3 - 2*c + 5. Let w(g) = -5*l(g) + 3*m(g). What is the remainder when 20 is divided by w(3)?
0
Suppose 139 + 131 = 5*t. Let o = t + -30. Calculate the remainder when o is divided by 10 + -1 + 0/(-1).
6
Let f = 17 + -14. Suppose -2*j + 7 = -f. Calculate the remainder when 18 is divided by j - (-3)/9*0.
3
Suppose 46 = -3*r - 2*h + 151, -3*h = 0. Let j = 346 - 337. Calculate the remainder when r is divided by j.
8
Suppose -10 = 5*y - 0*y. Let s = y - -6. What is the remainder when 18 is divided by s?
2
Let x(i) = 90*i + 800. What is the remainder when x(-5) is divided by 11?
9
Let k = 183 - -114. Calculate the remainder when k is divided by 20.
17
Let f = 16722 - 16690. Calculate the remainder when f is divided by (-69)/(-6) - (-2)/(-4).
10
Suppose -p + 5 = t + 2*p, 0 = 5*t + p - 11. Suppose -2*g = t*d - 4, 2*g + 2*d + 2*d - 2 = 0. Calculate the remainder when g is divided by 2.
1
Suppose -59 = m + 4*c, 2*c + 10 = 2. Let k = -20 - m. What is the remainder when 68 is divided by k?
22
Let f = 191 - 142. Calculate the remainder when 210 is divided by f.
14
Calculate the remainder when 2096/24 - (-2 - (-14)/6) is divided by 37.
13
Let f be ((-3)/(-1) - 4)*2. Let i be -1 - 26 - (f - -4). Let u = -27 - i. Calculate the remainder when 11 is divided by u.
1
Let w = 1893 - 1866. Suppose 0 = -i - i + 200. Calculate the remainder when i is divided by w.
19
Let u(j) = 13*j + 6 - 7 - 23 - 4 + j**2. What is the remainder when u(-19) is divided by 29?
28
Let n(t) = 2*t + 19. Suppose -3*a - 42 = -5*s, s - 2*a = 5 + 2. Calculate the remainder when 184 is divided by n(s).
36
Let l(j) = 6*j**2 - 8*j + 97. Calculate the remainder when l(5) is divided by (-318)/4*(-4)/6.
48
Suppose 187 + 85 = -4*h. Suppose 2*s - 7*s = 160. Let y = s - h. What is the remainder when y is divided by 19?
17
Let w = 87 + -92. Calculate the remainder when 34 is divided by (-5 - w) + 10 - 5.
4
Suppose -23*t + 1219 + 1081 = 0. What is the remainder when t is divided by 36?
28
Let g be 30*((-6)/4 - -4). Let r = g + -28. What is the remainder when r is divided by 8?
7
Let u(l) = -2*l + 4. Suppose -6*c + 23 = 5. Suppose 2*o + 4*g = 72, 4*o + 5*g - 21 = c*o. Calculate the remainder when o is divided by u(-6).
14
Let j be 4/(-10)*-5*26. Suppose -j - 71 = -3*g. Let w(s) = 9*s + 2. What is the remainder when g is divided by w(1)?
8
Suppose 2*d = -3 + 19. Calculate the remainder when 32 is divided by d.
0
Suppose -96 = -3*v - 35*s + 32*s, 0 = -5*v + 3*s + 160. What is the remainder when v is divided by 2?
0
Suppose 4*o = -31*o + 420. Let j(n) = n**3 - n**2 - n + 118. Calculate the remainder when j(0) is divided by o.
10
Suppose 0 = -16*n + 212 + 780. Calculate the remainder when n is divided by 5.
2
Suppose -5*z + q = -40 - 53, 0 = -4*q - 12. Let t(d) = d**3 - 6*d**2 + 2*d - 2. Suppose -18*n - 18 = -21*n. Calculate the remainder when z is divided by t(n).
8
Let w(m) = 3*m - 10. Let r be w(5). Suppose 8*k - r*k = 93. What is the remainder when 152 is divided by k?
28
Suppose 234 - 74 = 16*a. Suppose 2*w - 47 = 3. Calculate the remainder when w is divided by a.
5
Let y be 4 + 4/(-4)*0. Let v(j) = j**2 - 2*j - 2. Suppose 4*r - 6*r + 20 = 0. Calculate the remainder when r is divided by v(y).
4
Let p(s) = -s**3 + 4*s**2 - 3*s - 6. Let w be p(4). Let k = w - -24. Calculate the remainder when 16 is divide